n 1032267 is divided by 33298.
29
What is the remainder when 337033 is divided by 4375?
158
Calculate the remainder when 192024749 is divided by 13129.
13124
What is the remainder when 23251 is divided by 65?
46
Calculate the remainder when 188088020 is divided by 2609.
2601
What is the remainder when 5134816 is divided by 128370?
16
What is the remainder when 9582566 is divided by 1368937?
7
Calculate the remainder when 251622 is divided by 247258.
4364
Calculate the remainder when 1117225 is divided by 305.
10
What is the remainder when 14614487 is divided by 75?
62
Calculate the remainder when 1911714 is divided by 458.
22
What is the remainder when 1502125 is divided by 233?
207
Calculate the remainder when 5541934 is divided by 831.
826
What is the remainder when 77021 is divided by 10993?
70
What is the remainder when 60357 is divided by 22?
11
Calculate the remainder when 144979992 is divided by 38.
36
Calculate the remainder when 6980676 is divided by 762.
756
What is the remainder when 64677299 is divided by 159697?
14
Calculate the remainder when 53773 is divided by 530.
243
Calculate the remainder when 584366 is divided by 1974.
62
Calculate the remainder when 1465719 is divided by 26649.
24
Calculate the remainder when 2322554 is divided by 144.
122
What is the remainder when 931809 is divided by 186358?
19
Calculate the remainder when 16935 is divided by 7982.
971
Calculate the remainder when 1631445 is divided by 216.
213
Calculate the remainder when 14720222 is divided by 174.
170
Calculate the remainder when 553338 is divided by 34583.
10
Calculate the remainder when 3751760 is divided by 417.
11
What is the remainder when 5646194 is divided by 114?
2
Calculate the remainder when 678083 is divided by 95.
68
What is the remainder when 15037 is divided by 470?
467
What is the remainder when 127132998 is divided by 100?
98
Calculate the remainder when 38231 is divided by 46.
5
Calculate the remainder when 941817 is divided by 313913.
78
What is the remainder when 18972 is divided by 18691?
281
What is the remainder when 1613573 is divided by 2007?
1952
What is the remainder when 107540 is divided by 53542?
456
What is the remainder when 1006263 is divided by 54?
27
What is the remainder when 1222825 is divided by 1544?
1521
Calculate the remainder when 3127 is divided by 380.
87
Calculate the remainder when 2953790 is divided by 226.
196
What is the remainder when 856678 is divided by 121?
119
Calculate the remainder when 477684 is divided by 72.
36
Calculate the remainder when 461416 is divided by 100.
16
What is the remainder when 101988 is divided by 3273?
525
What is the remainder when 13473977 is divided by 4369?
4350
What is the remainder when 80852 is divided by 80806?
46
What is the remainder when 4837933 is divided by 2418923?
87
Calculate the remainder when 1634717 is divided by 16.
13
Calculate the remainder when 5269959 is divided by 680.
639
What is the remainder when 3577 is divided by 1646?
285
What is the remainder when 4826656 is divided by 560?
16
What is the remainder when 5259 is divided by 4611?
648
What is the remainder when 156634 is divided by 1956?
154
What is the remainder when 6698860 is divided by 27?
25
What is the remainder when 937570 is divided by 169?
127
What is the remainder when 435634 is divided by 3513?
22
What is the remainder when 13677518 is divided by 13051?
70
Calculate the remainder when 1212824 is divided by 404264.
32
What is the remainder when 13579170 is divided by 1234470?
0
What is the remainder when 2016190 is divided by 504039?
34
Calculate the remainder when 1065780 is divided by 1104.
420
What is the remainder when 29888 is divided by 2477?
164
What is the remainder when 2844409 is divided by 55?
29
What is the remainder when 1888846 is divided by 1057?
1044
Calculate the remainder when 207026 is divided by 2683.
435
What is the remainder when 88684845 is divided by 10?
5
What is the remainder when 64786 is divided by 2596?
2482
Calculate the remainder when 1047552 is divided by 260.
12
Calculate the remainder when 61267749 is divided by 20.
9
Calculate the remainder when 2601534 is divided by 965.
859
Calculate the remainder when 43015155 is divided by 5648.
5635
Calculate the remainder when 4354062 is divided by 242.
240
What is the remainder when 2257495 is divided by 9986?
659
What is the remainder when 417831 is divided by 982?
481
What is the remainder when 7343406 is divided by 7343398?
8
Calculate the remainder when 330977 is divided by 109854.
1415
Calculate the remainder when 115822792 is divided by 13.
7
What is the remainder when 712292 is divided by 178070?
12
What is the remainder when 88366 is divided by 6278?
474
Calculate the remainder when 26307370 is divided by 5837.
11
What is the remainder when 11303485 is divided by 108687?
37
What is the remainder when 18233342 is divided by 157?
147
Calculate the remainder when 5431 is divided by 647.
255
Calculate the remainder when 1127585 is divided by 138.
125
Calculate the remainder when 1180128 is divided by 6983.
1
What is the remainder when 3756907 is divided by 469597?
131
What is the remainder when 19362886 is divided by 49?
46
What is the remainder when 1002371 is divided by 1856?
131
Calculate the remainder when 818449 is divided by 409163.
123
Calculate the remainder when 4536310 is divided by 481.
480
Calculate the remainder when 4509119 is divided by 28.
27
Calculate the remainder when 6178 is divided by 2875.
428
What is the remainder when 733038 is divided by 34874?
684
Calculate the remainder when 46751192 is divided by 31610.
2
Calculate the remainder when 1935788 is divided by 2055.
2033
Calculate the remainder when 845434 is divided by 216.
10
Calculate the remainder when 5920995 is divided by 1184187.
60
What is the remainder when 45564506 is divided by 410491?
5
Calculate the remainder when 11157 is divided by 561.
498
Calculate the remainder when 385709 is divided by 1607.
29
Calculate the remainder when 6803853 is divided by 128.
13
Calculate the remainder when 4782948 is divided by 520.
508
Calculate the remainder when 993575 is divided by 289.
282
Calculate the remainder when 131048 is divided by 6207.
701
Calculate the remainder when 4532926 is divided by 1246.
1224
What is the remainder when 127710 is divided by 10451?
2298
Calculate the remainder when 35601918 is divided by 11867274.
96
Calculate the remainder when 130779073 is divided by 318.
301
Calculate the remainder when 661924 is divided by 266.
116
Calculate the remainder when 168372 is divided by 3117.
54
What is the remainder when 3653759 is divided by 254?
223
What is the remainder when 198668 is divided by 99142?
384
What is the remainder when 137433 is divided by 164?
1
Calculate the remainder when 17752 is divided by 2207.
96
What is the remainder when 11693397 is divided by 584664?
117
Calculate the remainder when 1151804 is divided by 67753.
3
Calculate the remainder when 10774855 is divided by 24051.
7
What is the remainder when 7104 is divided by 958?
398
Calculate the remainder when 409075 is divided by 1266.
157
Calculate the remainder when 13267 is divided by 93.
61
What is the remainder when 1469674 is divided by 105?
94
Calculate the remainder when 115543357 is divided by 890.
887
What is the remainder when 1224845 is divided by 387?
377
What is the remainder when 16103 is divided by 7828?
447
Calculate the remainder when 44068 is divided by 2317.
45
Calculate the remainder when 12532950 is divided by 31022.
62
What is the remainder when 290343 is divided by 3301?
3156
What is the remainder when 272775 is divided by 22729?
27
What is the remainder when 368561 is divided by 721?
130
What is the remainder when 12357 is divided by 76?
45
What is the remainder when 5244934 is divided by 83?
81
What is the remainder when 148430672 is divided by 219572?
0
What is the remainder when 148399101 is divided by 1407?
1404
What is the remainder when 19442534 is divided by 2367?
2363
What is the remainder when 6384 is divided by 5774?
610
Calculate the remainder when 6796603 is divided by 13.
8
What is the remainder when 1069664 is divided by 192?
32
What is the remainder when 20366762 is divided by 5116?
5082
What is the remain